der when 548332 is divided by 260.
252
What is the remainder when 40645 is divided by 302?
177
What is the remainder when 357926 is divided by 319?
8
What is the remainder when 136566311 is divided by 34141577?
3
What is the remainder when 829413 is divided by 730?
133
What is the remainder when 1940008 is divided by 10000?
8
Calculate the remainder when 599188458 is divided by 2929.
2928
Calculate the remainder when 5505174 is divided by 16.
6
Calculate the remainder when 324359 is divided by 124.
99
What is the remainder when 875782 is divided by 1358?
1230
Calculate the remainder when 4222424 is divided by 263901.
8
Calculate the remainder when 328380006 is divided by 35.
31
What is the remainder when 2297127 is divided by 28714?
7
Calculate the remainder when 129059 is divided by 225.
134
Calculate the remainder when 373135 is divided by 74483.
720
What is the remainder when 31782 is divided by 1742?
426
Calculate the remainder when 41964470 is divided by 157761.
44
What is the remainder when 13751589 is divided by 1375157?
19
Calculate the remainder when 408029 is divided by 36.
5
Calculate the remainder when 4182100 is divided by 3272.
484
Calculate the remainder when 2653106 is divided by 2710.
16
What is the remainder when 1931386 is divided by 1167?
1
What is the remainder when 434835 is divided by 86320?
3235
Calculate the remainder when 260089 is divided by 1944.
1537
What is the remainder when 1047951 is divided by 1047934?
17
What is the remainder when 66660 is divided by 5?
0
What is the remainder when 28898420 is divided by 30?
20
What is the remainder when 16506 is divided by 1762?
648
Calculate the remainder when 2662800 is divided by 3.
0
What is the remainder when 6122128 is divided by 593?
589
Calculate the remainder when 53635124 is divided by 91.
88
What is the remainder when 2194301 is divided by 37832?
45
What is the remainder when 126783 is divided by 42259?
6
What is the remainder when 614029 is divided by 613939?
90
Calculate the remainder when 3057154 is divided by 98617.
27
What is the remainder when 55903 is divided by 289?
126
What is the remainder when 12516038 is divided by 72?
62
What is the remainder when 87119 is divided by 675?
44
Calculate the remainder when 7040043 is divided by 6902.
3
Calculate the remainder when 621022 is divided by 626.
30
Calculate the remainder when 9528988 is divided by 2382221.
104
Calculate the remainder when 3212660 is divided by 8175.
8060
Calculate the remainder when 8869136 is divided by 8825.
11
Calculate the remainder when 630006308 is divided by 10000100.
8
Calculate the remainder when 10544467 is divided by 19.
18
What is the remainder when 3375169 is divided by 197?
165
What is the remainder when 409441 is divided by 22?
21
What is the remainder when 17705301 is divided by 216?
213
Calculate the remainder when 148161 is divided by 1031.
728
What is the remainder when 200115 is divided by 47621?
9631
What is the remainder when 2955874 is divided by 22?
20
Calculate the remainder when 1105492 is divided by 427.
416
Calculate the remainder when 2165157 is divided by 159.
54
Calculate the remainder when 2720304 is divided by 108812.
4
Calculate the remainder when 10595724 is divided by 176.
172
What is the remainder when 258318 is divided by 63434?
4582
What is the remainder when 11742328 is divided by 514?
512
Calculate the remainder when 266714 is divided by 3169.
518
Calculate the remainder when 5416821 is divided by 15.
6
What is the remainder when 29894288 is divided by 42?
32
What is the remainder when 28388 is divided by 1146?
884
Calculate the remainder when 4850606 is divided by 2425298.
10
What is the remainder when 1269 is divided by 149?
77
Calculate the remainder when 6510370 is divided by 516.
514
What is the remainder when 22133 is divided by 1060?
933
Calculate the remainder when 103178 is divided by 4127.
3
Calculate the remainder when 7842689 is divided by 22.
19
What is the remainder when 1160596 is divided by 6?
4
What is the remainder when 31472675 is divided by 1211?
1207
Calculate the remainder when 36540 is divided by 15425.
5690
Calculate the remainder when 1851863 is divided by 617287.
2
Calculate the remainder when 146437 is divided by 16.
5
What is the remainder when 526754 is divided by 526752?
2
What is the remainder when 97430278 is divided by 20?
18
Calculate the remainder when 175931 is divided by 94.
57
What is the remainder when 11919369 is divided by 5575?
19
Calculate the remainder when 2175969 is divided by 14802.
75
What is the remainder when 732359 is divided by 66515?
694
What is the remainder when 273006 is divided by 270385?
2621
Calculate the remainder when 491711 is divided by 32778.
41
What is the remainder when 296162 is divided by 98713?
23
What is the remainder when 3831466 is divided by 1276999?
469
Calculate the remainder when 15485 is divided by 6178.
3129
Calculate the remainder when 4788195 is divided by 65.
35
Calculate the remainder when 28288687 is divided by 85.
7
Calculate the remainder when 130549 is divided by 6209.
160
What is the remainder when 181414 is divided by 45348?
22
Calculate the remainder when 121533848 is divided by 16.
8
What is the remainder when 506450 is divided by 25322?
10
What is the remainder when 603484 is divided by 7835?
189
Calculate the remainder when 597864 is divided by 40.
24
Calculate the remainder when 17322071 is divided by 202.
167
What is the remainder when 79401 is divided by 718?
421
Calculate the remainder when 2964400 is divided by 860.
840
What is the remainder when 791376 is divided by 7129?
57
Calculate the remainder when 1922436 is divided by 184.
4
What is the remainder when 40423646 is divided by 16?
14
Calculate the remainder when 1478787339 is divided by 12955.
12954
What is the remainder when 7744891 is divided by 17?
14
Calculate the remainder when 369777 is divided by 5869.
30
What is the remainder when 369219 is divided by 266?
11
What is the remainder when 36803 is divided by 1409?
169
What is the remainder when 38480 is divided by 12739?
263
Calculate the remainder when 36389886 is divided by 207.
114
What is the remainder when 9809284 is divided by 18?
4
What is the remainder when 2770030 is divided by 21?
4
What is the remainder when 268346 is divided by 132508?
3330
What is the remainder when 83192 is divided by 619?
246
What is the remainder when 8285 is divided by 10?
5
What is the remainder when 4736597 is divided by 195?
47
Calculate the remainder when 1259951 is divided by 2325.
2126
Calculate the remainder when 1393521 is divided by 104.
25
Calculate the remainder when 9134368 is divided by 913423.
138
What is the remainder when 4527226 is divided by 23?
21
Calculate the remainder when 185806 is divided by 61900.
106
What is the remainder when 12469111 is divided by 307?
306
Calculate the remainder when 128923149 is divided by 5196.
5193
What is the remainder when 5305282 is divided by 1193?
11
Calculate the remainder when 93760294 is divided by 1769062.
8
Calculate the remainder when 257868 is divided by 851.
15
Calculate the remainder when 10943293 is divided by 83.
75
Calculate the remainder when 68373 is divided by 109.
30
What is the remainder when 274226062 is divided by 3318?
3316
What is the remainder when 63792587 is divided by 122?
7
Calculate the remainder when 82800824 is divided by 1874.
8
What is the remainder when 23194807 is divided by 99?
97
Calculate the remainder when 3531 is divided by 2963.
568
What is the remainder when 400421 is divided by 133413?
182
Calculate the remainder when 210889 is divided by 91.
42
Calculate the remainder when 127431 is divided by 126990.
441
What is the remainder when 789267 is divided by 1417?
1415
What is the remainder when 455144 is divided by 1068?
176
Calculate the remainder when 5614517 is divided by 1469.
1468
What is the remainder when 136563733 is divided by 3773?
3771
What is the remainder when 193274 is divided by 1728?
1466
What is the remainder when 85042 is divided by 21259?
6
What is the remainder when 2854814 is divided by 178408?
286
Calculate the remainder when 778399 is divided by 5732.
4579
Calculate the remainder when 14256940 is divided by 142.
140
What is the remainder when 1000